{"id":23,"date":"2015-07-01T19:08:07","date_gmt":"2015-07-01T22:08:07","guid":{"rendered":"http:\/\/www.garapa.org\/historias\/?page_id=23"},"modified":"2015-07-07T13:53:00","modified_gmt":"2015-07-07T16:53:00","slug":"quando-e-onde","status":"publish","type":"page","link":"http:\/\/www.garapa.org\/historias\/quando-e-onde\/","title":{"rendered":"Quando e onde?"},"content":{"rendered":"<p><img data-recalc-dims=\"1\" loading=\"lazy\" decoding=\"async\" data-attachment-id=\"45\" data-permalink=\"http:\/\/www.garapa.org\/historias\/quando-e-onde\/garapa_20130914_gj_00035\/\" data-orig-file=\"https:\/\/i0.wp.com\/www.garapa.org\/historias\/wp-content\/uploads\/2015\/07\/GARAPA_20130914_GJ_00035.jpg?fit=4000%2C2667\" data-orig-size=\"4000,2667\" data-comments-opened=\"0\" data-image-meta=\"{&quot;aperture&quot;:&quot;4&quot;,&quot;credit&quot;:&quot;GARAPA&quot;,&quot;camera&quot;:&quot;Canon EOS 5D Mark II&quot;,&quot;caption&quot;:&quot;Participantes realizam edi\\u00e7\\u00e3o de imagens no workshop Narrativas Digitais, realizado pelo Coletivo Garapa na Caixa Cultural do Recife em 2013.&quot;,&quot;created_timestamp&quot;:&quot;1379173500&quot;,&quot;copyright&quot;:&quot;GARAPA&quot;,&quot;focal_length&quot;:&quot;24&quot;,&quot;iso&quot;:&quot;800&quot;,&quot;shutter_speed&quot;:&quot;0.02&quot;,&quot;title&quot;:&quot;&quot;,&quot;orientation&quot;:&quot;0&quot;}\" data-image-title=\"\" data-image-description=\"\" data-image-caption=\"\" data-medium-file=\"https:\/\/i0.wp.com\/www.garapa.org\/historias\/wp-content\/uploads\/2015\/07\/GARAPA_20130914_GJ_00035.jpg?fit=300%2C200\" data-large-file=\"https:\/\/i0.wp.com\/www.garapa.org\/historias\/wp-content\/uploads\/2015\/07\/GARAPA_20130914_GJ_00035.jpg?fit=792%2C528\" class=\"alignnone size-large wp-image-45\" src=\"https:\/\/i0.wp.com\/www.garapa.org\/historias\/wp-content\/uploads\/2015\/07\/GARAPA_20130914_GJ_00035.jpg?resize=792%2C528\" alt=\"\" width=\"792\" height=\"528\" srcset=\"https:\/\/i0.wp.com\/www.garapa.org\/historias\/wp-content\/uploads\/2015\/07\/GARAPA_20130914_GJ_00035.jpg?resize=1024%2C683 1024w, https:\/\/i0.wp.com\/www.garapa.org\/historias\/wp-content\/uploads\/2015\/07\/GARAPA_20130914_GJ_00035.jpg?resize=300%2C200 300w, https:\/\/i0.wp.com\/www.garapa.org\/historias\/wp-content\/uploads\/2015\/07\/GARAPA_20130914_GJ_00035.jpg?w=1584 1584w, https:\/\/i0.wp.com\/www.garapa.org\/historias\/wp-content\/uploads\/2015\/07\/GARAPA_20130914_GJ_00035.jpg?w=2376 2376w\" sizes=\"auto, (max-width: 792px) 100vw, 792px\" \/><\/p>\n<p><strong>Rio de Janeiro &#8211; RJ<\/strong><br \/>\nCAIXA Cultural Rio de Janeiro<br \/>\nde 21 a 26 de julho de 2015<br \/>\nter\u00e7a a sexta, das 14h \u00e0s 18h<br \/>\ns\u00e1bado e domingo, das 10h \u00e0s 17h<br \/>\nInscri\u00e7\u00f5es de 1 a 15 de julho<\/p>\n<p><strong>S\u00e3o Paulo &#8211; SP<\/strong><br \/>\nCAIXA Cultural S\u00e3o Paulo<br \/>\nde 22 a 27 de setembro de 2015<br \/>\nter\u00e7a a sexta, das 14h \u00e0s 18h<br \/>\ns\u00e1bado e domingo, das 10h \u00e0s 17h<br \/>\nInscri\u00e7\u00f5es de 1 a 15 de setembro<\/p>\n<p><strong>Curitiba &#8211; PR<\/strong><br \/>\nCAIXA Cultural Curitiba<br \/>\nde 6 a 11 de outubro de 2015<br \/>\nPer\u00edodo de inscri\u00e7\u00f5es a definir<\/p>\n<p><strong>Salvador &#8211; BA<\/strong><br \/>\nCAIXA Cultural Salvador<br \/>\nde 24 a 29 de novembro de 2015<br \/>\nPer\u00edodo de inscri\u00e7\u00f5es a definir<\/p>\n","protected":false},"excerpt":{"rendered":"<p>Rio de Janeiro &#8211; RJ CAIXA Cultural Rio de Janeiro de 21 a 26 de julho de 2015 ter\u00e7a a sexta, das 14h \u00e0s 18h s\u00e1bado e domingo, das 10h \u00e0s 17h Inscri\u00e7\u00f5es de 1 a 15 de julho S\u00e3o Paulo &#8211; SP CAIXA Cultural S\u00e3o Paulo de 22 a 27 de setembro de 2015 &hellip; <a href=\"http:\/\/www.garapa.org\/historias\/quando-e-onde\/\" class=\"more-link\">Continue reading <span class=\"screen-reader-text\">Quando e onde?<\/span><\/a><\/p>\n","protected":false},"author":1,"featured_media":0,"parent":0,"menu_order":2,"comment_status":"closed","ping_status":"closed","template":"","meta":{"jetpack_post_was_ever_published":false,"footnotes":""},"class_list":["post-23","page","type-page","status-publish","hentry"],"jetpack_sharing_enabled":true,"jetpack_shortlink":"https:\/\/wp.me\/P6Az11-n","jetpack-related-posts":[{"id":18,"url":"http:\/\/www.garapa.org\/historias\/o-que-e\/","url_meta":{"origin":23,"position":0},"title":"O que \u00e9?","author":"admin","date":"1 de julho de 2015","format":false,"excerpt":"HIST\u00d3RIAS LATENTES \u00e9 um workshop que tem como objetivo\u00a0estimular o pensamento e a produ\u00e7\u00e3o coletiva em\u00a0artes visuais, al\u00e9m de promover a reflex\u00e3o sobre a mem\u00f3ria da cidade e as hist\u00f3rias que se escondem na paisagem. Durante a atividade, um\u00a0grupo de 30 selecionados se transformar\u00e1 em um grande coletivo, e ser\u00e1\u2026","rel":"","context":"Post similar","block_context":{"text":"Post similar","link":""},"img":{"alt_text":"_MG_9281_WK","src":"https:\/\/i0.wp.com\/www.garapa.org\/historias\/wp-content\/uploads\/2015\/07\/MG_9281_WK-1024x683.jpg?resize=350%2C200","width":350,"height":200,"srcset":"https:\/\/i0.wp.com\/www.garapa.org\/historias\/wp-content\/uploads\/2015\/07\/MG_9281_WK-1024x683.jpg?resize=350%2C200 1x, https:\/\/i0.wp.com\/www.garapa.org\/historias\/wp-content\/uploads\/2015\/07\/MG_9281_WK-1024x683.jpg?resize=525%2C300 1.5x, https:\/\/i0.wp.com\/www.garapa.org\/historias\/wp-content\/uploads\/2015\/07\/MG_9281_WK-1024x683.jpg?resize=700%2C400 2x"},"classes":[]},{"id":20,"url":"http:\/\/www.garapa.org\/historias\/quem-faz\/","url_meta":{"origin":23,"position":1},"title":"Quem faz?","author":"admin","date":"1 de julho de 2015","format":false,"excerpt":"Garapa \u00e9 um espa\u00e7o de cria\u00e7\u00e3o coletiva dedicado a pensar e produzir narrativas visuais, integrando distintas linguagens e plataformas. Fundado em 2008 pelos jornalistas e fot\u00f3grafos Leo Caobelli, Paulo Fehlauer e Rodrigo Marcondes, o coletivo desenvolve trabalhos que exploram as fronteiras entre o documental e a fic\u00e7\u00e3o, a fotografia, o\u2026","rel":"","context":"Post similar","block_context":{"text":"Post similar","link":""},"img":{"alt_text":"GARAPA_20130705_ED_00009_baixa","src":"https:\/\/i0.wp.com\/www.garapa.org\/historias\/wp-content\/uploads\/2015\/07\/GARAPA_20130705_ED_00009_baixa-1024x683.jpg?resize=350%2C200","width":350,"height":200,"srcset":"https:\/\/i0.wp.com\/www.garapa.org\/historias\/wp-content\/uploads\/2015\/07\/GARAPA_20130705_ED_00009_baixa-1024x683.jpg?resize=350%2C200 1x, https:\/\/i0.wp.com\/www.garapa.org\/historias\/wp-content\/uploads\/2015\/07\/GARAPA_20130705_ED_00009_baixa-1024x683.jpg?resize=525%2C300 1.5x, https:\/\/i0.wp.com\/www.garapa.org\/historias\/wp-content\/uploads\/2015\/07\/GARAPA_20130705_ED_00009_baixa-1024x683.jpg?resize=700%2C400 2x"},"classes":[]}],"_links":{"self":[{"href":"http:\/\/www.garapa.org\/historias\/wp-json\/wp\/v2\/pages\/23","targetHints":{"allow":["GET"]}}],"collection":[{"href":"http:\/\/www.garapa.org\/historias\/wp-json\/wp\/v2\/pages"}],"about":[{"href":"http:\/\/www.garapa.org\/historias\/wp-json\/wp\/v2\/types\/page"}],"author":[{"embeddable":true,"href":"http:\/\/www.garapa.org\/historias\/wp-json\/wp\/v2\/users\/1"}],"replies":[{"embeddable":true,"href":"http:\/\/www.garapa.org\/historias\/wp-json\/wp\/v2\/comments?post=23"}],"version-history":[{"count":5,"href":"http:\/\/www.garapa.org\/historias\/wp-json\/wp\/v2\/pages\/23\/revisions"}],"predecessor-version":[{"id":51,"href":"http:\/\/www.garapa.org\/historias\/wp-json\/wp\/v2\/pages\/23\/revisions\/51"}],"wp:attachment":[{"href":"http:\/\/www.garapa.org\/historias\/wp-json\/wp\/v2\/media?parent=23"}],"curies":[{"name":"wp","href":"https:\/\/api.w.org\/{rel}","templated":true}]}}