{"id":20,"date":"2015-07-01T19:02:35","date_gmt":"2015-07-01T22:02:35","guid":{"rendered":"http:\/\/www.garapa.org\/historias\/?page_id=20"},"modified":"2015-07-03T17:53:07","modified_gmt":"2015-07-03T20:53:07","slug":"quem-faz","status":"publish","type":"page","link":"http:\/\/www.garapa.org\/historias\/quem-faz\/","title":{"rendered":"Quem faz?"},"content":{"rendered":"<p><img data-recalc-dims=\"1\" loading=\"lazy\" decoding=\"async\" data-attachment-id=\"41\" data-permalink=\"http:\/\/www.garapa.org\/historias\/quem-faz\/garapa_20130705_ed_00009_baixa\/\" data-orig-file=\"https:\/\/i0.wp.com\/www.garapa.org\/historias\/wp-content\/uploads\/2015\/07\/GARAPA_20130705_ED_00009_baixa.jpg?fit=1200%2C800\" data-orig-size=\"1200,800\" data-comments-opened=\"0\" data-image-meta=\"{&quot;aperture&quot;:&quot;0&quot;,&quot;credit&quot;:&quot;&quot;,&quot;camera&quot;:&quot;&quot;,&quot;caption&quot;:&quot;&quot;,&quot;created_timestamp&quot;:&quot;0&quot;,&quot;copyright&quot;:&quot;GARAPA&quot;,&quot;focal_length&quot;:&quot;0&quot;,&quot;iso&quot;:&quot;0&quot;,&quot;shutter_speed&quot;:&quot;0&quot;,&quot;title&quot;:&quot;&quot;,&quot;orientation&quot;:&quot;0&quot;}\" data-image-title=\"GARAPA_20130705_ED_00009_baixa\" data-image-description=\"\" data-image-caption=\"\" data-medium-file=\"https:\/\/i0.wp.com\/www.garapa.org\/historias\/wp-content\/uploads\/2015\/07\/GARAPA_20130705_ED_00009_baixa.jpg?fit=300%2C200\" data-large-file=\"https:\/\/i0.wp.com\/www.garapa.org\/historias\/wp-content\/uploads\/2015\/07\/GARAPA_20130705_ED_00009_baixa.jpg?fit=792%2C528\" class=\"alignnone size-large wp-image-41\" src=\"https:\/\/i0.wp.com\/www.garapa.org\/historias\/wp-content\/uploads\/2015\/07\/GARAPA_20130705_ED_00009_baixa.jpg?resize=792%2C528\" alt=\"GARAPA_20130705_ED_00009_baixa\" width=\"792\" height=\"528\" srcset=\"https:\/\/i0.wp.com\/www.garapa.org\/historias\/wp-content\/uploads\/2015\/07\/GARAPA_20130705_ED_00009_baixa.jpg?resize=1024%2C683 1024w, https:\/\/i0.wp.com\/www.garapa.org\/historias\/wp-content\/uploads\/2015\/07\/GARAPA_20130705_ED_00009_baixa.jpg?resize=300%2C200 300w, https:\/\/i0.wp.com\/www.garapa.org\/historias\/wp-content\/uploads\/2015\/07\/GARAPA_20130705_ED_00009_baixa.jpg?w=1200 1200w\" sizes=\"auto, (max-width: 792px) 100vw, 792px\" \/><\/p>\n<p><strong>Garapa<\/strong> \u00e9 um espa\u00e7o de cria\u00e7\u00e3o coletiva dedicado a pensar e produzir narrativas visuais, integrando distintas linguagens e plataformas. Fundado em 2008 pelos jornalistas e fot\u00f3grafos Leo Caobelli, Paulo Fehlauer e Rodrigo Marcondes, o coletivo desenvolve trabalhos que exploram as fronteiras entre o documental e a fic\u00e7\u00e3o, a fotografia, o v\u00eddeo e a literatura. O coletivo Garapa tem reconhecida produ\u00e7\u00e3o independente, merecendo destaque os trabalhos &#8220;Calma&#8221; (2013), exibido na I FotobienalMASP, &#8220;A Margem&#8221; (2013), exibido no Centro Cultural S\u00e3o Paulo, e o document\u00e1rio Doble Chapa (2014), exibido na 25a. Mostra Internacional de Curtas Metragens de S\u00e3o Paulo e no 24o. Festival Internacional de Curtas-Metragens do Rio de Janeiro.<\/p>\n<p>Site: <a href=\"http:\/\/garapa.org\/\">http:\/\/garapa.org\/<\/a><\/p>\n<p>Facebook: <a href=\"http:\/\/facebook.com\/coletivogarapa\/\">http:\/\/facebook.com\/coletivogarapa\/<\/a><\/p>\n","protected":false},"excerpt":{"rendered":"<p>Garapa \u00e9 um espa\u00e7o de cria\u00e7\u00e3o coletiva dedicado a pensar e produzir narrativas visuais, integrando distintas linguagens e plataformas. Fundado em 2008 pelos jornalistas e fot\u00f3grafos Leo Caobelli, Paulo Fehlauer e Rodrigo Marcondes, o coletivo desenvolve trabalhos que exploram as fronteiras entre o documental e a fic\u00e7\u00e3o, a fotografia, o v\u00eddeo e a literatura. O &hellip; <a href=\"http:\/\/www.garapa.org\/historias\/quem-faz\/\" class=\"more-link\">Continue reading <span class=\"screen-reader-text\">Quem faz?<\/span><\/a><\/p>\n","protected":false},"author":1,"featured_media":0,"parent":0,"menu_order":3,"comment_status":"closed","ping_status":"closed","template":"","meta":{"jetpack_post_was_ever_published":false,"footnotes":""},"class_list":["post-20","page","type-page","status-publish","hentry"],"jetpack_sharing_enabled":true,"jetpack_shortlink":"https:\/\/wp.me\/P6Az11-k","jetpack-related-posts":[{"id":18,"url":"http:\/\/www.garapa.org\/historias\/o-que-e\/","url_meta":{"origin":20,"position":0},"title":"O que \u00e9?","author":"admin","date":"1 de julho de 2015","format":false,"excerpt":"HIST\u00d3RIAS LATENTES \u00e9 um workshop que tem como objetivo\u00a0estimular o pensamento e a produ\u00e7\u00e3o coletiva em\u00a0artes visuais, al\u00e9m de promover a reflex\u00e3o sobre a mem\u00f3ria da cidade e as hist\u00f3rias que se escondem na paisagem. Durante a atividade, um\u00a0grupo de 30 selecionados se transformar\u00e1 em um grande coletivo, e ser\u00e1\u2026","rel":"","context":"Post similar","block_context":{"text":"Post similar","link":""},"img":{"alt_text":"_MG_9281_WK","src":"https:\/\/i0.wp.com\/www.garapa.org\/historias\/wp-content\/uploads\/2015\/07\/MG_9281_WK-1024x683.jpg?resize=350%2C200","width":350,"height":200,"srcset":"https:\/\/i0.wp.com\/www.garapa.org\/historias\/wp-content\/uploads\/2015\/07\/MG_9281_WK-1024x683.jpg?resize=350%2C200 1x, https:\/\/i0.wp.com\/www.garapa.org\/historias\/wp-content\/uploads\/2015\/07\/MG_9281_WK-1024x683.jpg?resize=525%2C300 1.5x, https:\/\/i0.wp.com\/www.garapa.org\/historias\/wp-content\/uploads\/2015\/07\/MG_9281_WK-1024x683.jpg?resize=700%2C400 2x"},"classes":[]},{"id":23,"url":"http:\/\/www.garapa.org\/historias\/quando-e-onde\/","url_meta":{"origin":20,"position":1},"title":"Quando e onde?","author":"admin","date":"1 de julho de 2015","format":false,"excerpt":"Rio de Janeiro - RJ CAIXA Cultural Rio de Janeiro de 21 a 26 de julho de 2015 ter\u00e7a a sexta, das 14h \u00e0s 18h s\u00e1bado e domingo, das 10h \u00e0s 17h Inscri\u00e7\u00f5es de 1 a 15 de julho S\u00e3o Paulo - SP CAIXA Cultural S\u00e3o Paulo de 22 a\u2026","rel":"","context":"Post similar","block_context":{"text":"Post similar","link":""},"img":{"alt_text":"","src":"https:\/\/i0.wp.com\/www.garapa.org\/historias\/wp-content\/uploads\/2015\/07\/GARAPA_20130914_GJ_00035-1024x683.jpg?resize=350%2C200","width":350,"height":200,"srcset":"https:\/\/i0.wp.com\/www.garapa.org\/historias\/wp-content\/uploads\/2015\/07\/GARAPA_20130914_GJ_00035-1024x683.jpg?resize=350%2C200 1x, https:\/\/i0.wp.com\/www.garapa.org\/historias\/wp-content\/uploads\/2015\/07\/GARAPA_20130914_GJ_00035-1024x683.jpg?resize=525%2C300 1.5x, https:\/\/i0.wp.com\/www.garapa.org\/historias\/wp-content\/uploads\/2015\/07\/GARAPA_20130914_GJ_00035-1024x683.jpg?resize=700%2C400 2x"},"classes":[]},{"id":31,"url":"http:\/\/www.garapa.org\/historias\/duvidas\/","url_meta":{"origin":20,"position":2},"title":"D\u00favidas?","author":"admin","date":"3 de julho de 2015","format":false,"excerpt":"\u00a0 Quem \u00e9 o p\u00fablico do workshop? N\u00e3o existe um perfil definido, basta ter interesse\u00a0pelo campo das artes visuais, da fotografia e do document\u00e1rio.\u00a0Em geral, participam artistas, fot\u00f3grafos, jornalistas, estudantes, ge\u00f3grafos, historiadores etc. \u00c9 preciso ter experi\u00eancia em alguma \u00e1rea? O grupo de 30 selecionados ser\u00e1 montado de forma a\u2026","rel":"","context":"Com 11 coment\u00e1rios","block_context":{"text":"Com 11 coment\u00e1rios","link":"http:\/\/www.garapa.org\/historias\/duvidas\/#comments"},"img":{"alt_text":"Correspondencias. Fortaleza. Making of.","src":"https:\/\/i0.wp.com\/www.garapa.org\/historias\/wp-content\/uploads\/2015\/07\/GARAPA_20130417_00018-1024x683.jpg?resize=350%2C200","width":350,"height":200,"srcset":"https:\/\/i0.wp.com\/www.garapa.org\/historias\/wp-content\/uploads\/2015\/07\/GARAPA_20130417_00018-1024x683.jpg?resize=350%2C200 1x, https:\/\/i0.wp.com\/www.garapa.org\/historias\/wp-content\/uploads\/2015\/07\/GARAPA_20130417_00018-1024x683.jpg?resize=525%2C300 1.5x, https:\/\/i0.wp.com\/www.garapa.org\/historias\/wp-content\/uploads\/2015\/07\/GARAPA_20130417_00018-1024x683.jpg?resize=700%2C400 2x"},"classes":[]}],"_links":{"self":[{"href":"http:\/\/www.garapa.org\/historias\/wp-json\/wp\/v2\/pages\/20","targetHints":{"allow":["GET"]}}],"collection":[{"href":"http:\/\/www.garapa.org\/historias\/wp-json\/wp\/v2\/pages"}],"about":[{"href":"http:\/\/www.garapa.org\/historias\/wp-json\/wp\/v2\/types\/page"}],"author":[{"embeddable":true,"href":"http:\/\/www.garapa.org\/historias\/wp-json\/wp\/v2\/users\/1"}],"replies":[{"embeddable":true,"href":"http:\/\/www.garapa.org\/historias\/wp-json\/wp\/v2\/comments?post=20"}],"version-history":[{"count":4,"href":"http:\/\/www.garapa.org\/historias\/wp-json\/wp\/v2\/pages\/20\/revisions"}],"predecessor-version":[{"id":22,"href":"http:\/\/www.garapa.org\/historias\/wp-json\/wp\/v2\/pages\/20\/revisions\/22"}],"wp:attachment":[{"href":"http:\/\/www.garapa.org\/historias\/wp-json\/wp\/v2\/media?parent=20"}],"curies":[{"name":"wp","href":"https:\/\/api.w.org\/{rel}","templated":true}]}}